ve p(-28).
12
Let q(r) = -12*r**2 + 13*r - 73. Give q(4).
-213
Let y(v) = -2*v - 34. What is y(-23)?
12
Let f(y) = -2*y**3 + 84*y**2 + 92*y - 278. Give f(43).
-20
Let l(s) = 4*s**2 - 174*s - 50. Calculate l(43).
-136
Let n(h) = -h**3 + 21*h**2 + 126*h + 110. What is n(26)?
6
Let j(i) = -41*i - 90. Give j(-2).
-8
Let x(u) = 9*u**2 - 128*u - 86. Give x(15).
19
Let g(o) = -2*o - 72. What is g(-37)?
2
Let t(x) = -337*x - 292. Calculate t(-1).
45
Let c(j) = -3*j**2 + 168*j - 2375. Give c(28).
-23
Let w(q) = -126*q - 4407. Calculate w(-35).
3
Let m(w) = w**2 + 20*w + 72. Calculate m(-17).
21
Let c(v) = -v**3 - 22*v**2 - 108*v - 17. What is c(-14)?
-73
Let z(o) = 41*o + 61. Give z(-1).
20
Let y(z) = 39*z - 41. Determine y(4).
115
Let s(c) = c**2 - 144*c - 8074. Give s(-43).
-33
Let q(l) = -851*l + 6938. Determine q(8).
130
Let a(v) = -5*v**2 + 4*v + 25. Give a(3).
-8
Let q(o) = o**3 - 34*o - 11. Give q(-6).
-23
Let q(s) = 3151*s + 9457. Determine q(-3).
4
Let w(y) = -y**2 - 2*y + 1838. Give w(-44).
-10
Let d(r) = -742*r - 145435. What is d(-196)?
-3
Let k(o) = o**3 - 21*o**2 - 18*o - 42. What is k(22)?
46
Let i(b) = 139*b - 18905. Calculate i(136).
-1
Let q(g) = 2*g**3 + 9*g**2 - 5*g + 9. Determine q(-6).
-69
Let m(h) = 61*h - 81. Give m(-6).
-447
Let c(i) = -10*i - 269. Determine c(-32).
51
Let y(n) = -n**2 - 139*n - 3272. What is y(-109)?
-2
Let p(m) = -4*m**2 - 202*m - 1733. What is p(-11)?
5
Let v(t) = -1482*t + 13383. Calculate v(9).
45
Let l(x) = 3*x**3 + 17*x**2 - 9*x + 22. Determine l(-8).
-354
Let l(j) = 9*j**3 - 4*j**2 + 8*j. Calculate l(1).
13
Let d(r) = -r**2 - 2*r + 9. Determine d(3).
-6
Let a(b) = 25*b**2 + 58*b + 5. Give a(-2).
-11
Let s(d) = d**3 - 13*d**2 - d + 52. Determine s(13).
39
Let p(m) = -5*m**2 + 61*m - 171. Give p(6).
15
Let r(q) = 3*q**3 - 27*q**2 + 22*q + 15. Determine r(8).
-1
Let b(j) = 2*j**3 - 16*j**2 + 10*j + 97. What is b(5)?
-3
Let l(y) = 638*y - 5150. Calculate l(8).
-46
Let a(u) = -2*u**2 - 138*u + 276. Calculate a(2).
-8
Let q(g) = -6*g**3 + 229*g**2 - 35*g - 113. Calculate q(38).
1
Let j(a) = -3*a**2 + 271*a - 1039. What is j(4)?
-3
Let l(h) = -h**3 - 21*h**2 - 56*h - 692. Calculate l(-21).
484
Let c(o) = o**3 + 287*o**2 - 1445*o + 4385. Give c(-292).
5
Let c(d) = -d**3 + 28*d**2 + 16*d + 383. Calculate c(29).
6
Let a(k) = -k**3 + 108*k**2 - 114*k + 757. What is a(107)?
8
Let a(h) = -h**3 - 5*h**2 - 357*h - 2184. Determine a(-6).
-6
Let u(f) = 2*f**3 + 17*f**2 - 6*f - 9. Calculate u(-4).
159
Let m(o) = 1112*o + 97856. What is m(-88)?
0
Let r(w) = -2*w**3 - 26*w**2 + 204*w - 21. What is r(7)?
-553
Let m(o) = o**3 + 3*o**2 - 5. Determine m(-5).
-55
Let w(x) = 2*x**2 - 110*x + 317. What is w(51)?
-91
Let g(t) = 10*t + 250. Calculate g(-26).
-10
Let n(j) = -2*j**3 + 6*j**2 + 14*j - 2. What is n(0)?
-2
Let g(u) = -15*u**3 - 3*u**2 + 5*u - 66. Determine g(-5).
1709
Let d(w) = -5*w**2 - 12*w - 10. Give d(9).
-523
Let z(y) = -95*y - 21. Give z(1).
-116
Let t(l) = -2479*l - 27250. What is t(-11)?
19
Let w(l) = l**2 + 27*l - 525. What is w(13)?
-5
Let n(a) = -26*a**2 + 14*a - 12. What is n(1)?
-24
Let l(f) = 2*f**2 - 110*f + 21. Give l(55).
21
Let m(c) = -3*c - 129. Determine m(-14).
-87
Let m(l) = -l**3 - 14*l**2 + 44*l - 36. Give m(-16).
-228
Let c(q) = 2*q**3 - 15*q**2 + 39*q - 585. Determine c(9).
9
Let v(h) = -h**2 - 5*h + 9. Calculate v(9).
-117
Let p(r) = -6*r - 118. Calculate p(-18).
-10
Let l(m) = 2*m**2 + 189*m + 4232. What is l(-58)?
-2
Let d(z) = 8*z**3 + 5*z**2 + 2*z - 2. Give d(3).
265
Let y(t) = -2*t**2 + 401*t - 1191. Determine y(3).
-6
Let z(y) = 171*y + 1377. What is z(-8)?
9
Let x(s) = -2*s**2 - 122*s - 1637. Give x(-41).
3
Let n(b) = 15*b**2 - 35*b + 136. Give n(4).
236
Let q(k) = -18*k + 34. Give q(0).
34
Let z(q) = 18*q**3 + 6*q**2 - 11*q + 11. Determine z(3).
518
Let f(h) = h**2 - 28*h - 78. Calculate f(-3).
15
Let y(q) = 3*q**2 - 79*q - 119. Determine y(27).
-65
Let n(s) = 6*s**2 - 64*s + 17. Determine n(11).
39
Let p(b) = -8*b - 21. What is p(10)?
-101
Let v(k) = -16*k - 641. What is v(-13)?
-433
Let d(m) = -m**2 + 51*m - 300. Determine d(6).
-30
Let v(w) = -w**3 - 13*w**2 - 12*w + 21. Calculate v(-10).
-159
Let w(p) = -122*p**2 - 8*p - 2. Calculate w(-1).
-116
Let h(l) = -4*l + 92. Calculate h(23).
0
Let h(o) = o**2 - 7*o - 123. What is h(-33)?
1197
Let v(s) = 40*s**3 - 3*s**2 - 14*s - 11. Determine v(-1).
-40
Let f(l) = 5*l - 1. Determine f(-34).
-171
Let n(i) = 53*i - 458. Determine n(10).
72
Let c(z) = -4*z**2 + 433*z + 430. Determine c(-1).
-7
Let d(c) = -2896*c - 118736. Give d(-41).
0
Let b(r) = r**2 + 7*r - 207. Calculate b(-17).
-37
Let n(h) = h**2 + 11*h - 207. Calculate n(-20).
-27
Let r(n) = n**3 - 157*n**2 - 41*n + 6426. What is r(157)?
-11
Let o(t) = 2*t**2 + 474*t - 4424. Give o(9).
4
Let w(a) = a - 39. Give w(-18).
-57
Let t(j) = 3*j**2 - 25*j + 18. Calculate t(3).
-30
Let v(h) = -h**3 - 8*h**2 - 11*h - 41. What is v(-6)?
-47
Let v(q) = -18*q - 187. Give v(-29).
335
Let v(a) = -62*a + 1937. Determine v(31).
15
Let r(z) = 289*z - 27155. What is r(94)?
11
Let c(z) = -10*z**3 - 9*z**2 - 6*z + 4. Calculate c(2).
-124
Let n(x) = 2*x**3 + 41*x**2 + 162*x + 13. Determine n(-5).
-22
Let h(f) = -387*f - 2142. Calculate h(-5).
-207
Let r(a) = 155*a + 5643. Determine r(-36).
63
Let f(u) = 1664*u - 13317. Determine f(8).
-5
Let n(a) = -753*a - 5271. What is n(-7)?
0
Let d(n) = 46*n - 874. Determine d(18).
-46
Let b(g) = g**3 - g**2 - 5*g + 13. Determine b(5).
88
Let c(l) = 833*l + 27477. Give c(-33).
-12
Let k(o) = o**3 + 18*o**2 - 23*o + 347. Calculate k(-20).
7
Let b(i) = 204*i + 535. Calculate b(-5).
-485
Let n(x) = -3*x**2 + 44*x - 47. Give n(14).
-19
Let z(d) = -2*d**2 + 31*d - 72. Give z(10).
38
Let s(n) = 5*n**3 + 2*n**2 + 10*n - 32. Give s(-4).
-360
Let a(r) = -r**3 - 54*r**2 + 59*r + 199. What is a(-55)?
-21
Let r(p) = -1895*p - 11492. Calculate r(-6).
-122
Let f(p) = -3*p**2 - 7*p - 60. Calculate f(-5).
-100
Let m(p) = -229*p - 1365. Give m(-6).
9
Let u(g) = 3*g**2 + 254*g + 450. Give u(-83).
35
Let y(j) = -j**3 - j**2 + 4*j + 24. Calculate y(0).
24
Let g(a) = -a**2 + 164*a - 6724. Give g(84).
-4
Let w(s) = -s**2 + 175*s + 912. What is w(-5)?
12
Let g(l) = -76*l - 914. Determine g(-12).
-2
Let o(w) = 454*w - 917. Calculate o(2).
-9
Let y(h) = -h**3 + 5*h**2 - 4*h + 38. Determine y(6).
-22
Let z(y) = 12*y**2 + 1691*y - 147. Give z(-141).
-6
Let a(s) = 427*s - 2905. Give a(7).
84
Let m(g) = -45*g - 140. What is m(-3)?
-5
Let k(n) = n**3 - 19*n**2 + 14*n - 636. What is k(20)?
44
Let c(l) = -693*l + 48477. Determine c(70).
-33
Let a(q) = -68*q - 417. Calculate a(-7).
59
Let l(j) = 13*j + 319. Determine l(-20).
59
Let a(w) = -w**3 - 63*w**2 - 15*w - 929. Give a(-63).
16
Let w(s) = 14*s - 1504. Determine w(109).
22
Let d(a) = -31*a + 2540. Calculate d(82).
-2
Let x(k) = 6*k - 79. What is x(13)?
-1
Let b(i) = -i**3 - 9*i**2 + 116*i + 61. Give b(-16).
-3
Let y(g) = -6*g**2 + 64*g - 98. What is y(11)?
-120
Let l(z) = z**3 + 5*z**2 - 500*z + 11. Give l(20).
11
Let z(f) = f**2 - 41*f - 125. Calculate z(37).
-273
Let s(w) = 12*w**3 - 3*w - 1. Calculate s(-1).
-10
Let j(f) = -f**2 - 4*f - 2. What is j(-2)?
2
Let x(f) = -8382*f - 368813. Give x(-44).
-5
Let z(s) = -18*s + 454. Calculate z(22).
58
Let f(b) = -3*b**3 - 6*b**2 + 16*b + 19. Calculate f(-5).
164
Let l(q) = -q**3 - 28*q**2 - 190*q + 31. What is l(-16)?
-1
Let m(l) = -2*l**3 - 5*l**2 + 60*l - 13. Calculate m(7).
-524
Let u(r) = 2*r**3 + 13*r**2 + 52*r + 424. What is u(-7)?
11
Let l(q) = -319*q + 1602. What is l(5)?
7
Let r(b) = -128*b**2 - 2563*b - 77. What is r(-20)?
-17
Let r(i) = 2*i**3 - 35*i**2 - 17*i - 12. What is r(18)?
6
Let v(c) = 84*c - 1064. Determine v(13).
28
Let v(t) = 2*t**2 - 116*t + 1614. Calculate v(24).
-18
Let m(y) = y**2 + 6260*y + 50033. Determine m(-8).
17
Let t(f) = 604*f - 3657. Calculate t(6).
-33
Let b(a) = 4*a**3 - 4*a**2 - a - 2. Calculate b(-3).
-143
Let m(v) = 111*v**2 + 214*v - 5. What is m(-2)?
11
Let b(p) = -97*p + 95. What is b(3)?
-196
Let s(a) = -363*a**3 + 3*a**2 - 20*a - 22. What is s(-1)?
364
Let w(c) = 64*c - 69. Determine w(-6).
-453
Let l(o) = 2*o**2 + 3*o - 1778. Calculate l(30).
112
Let r(g) = 2*g**3 - 75*g**2 + 680*g - 35. What is r(15)?
40
Let r(v) = v**2 + 85*v + 1336. Calculate r(-64